e the remainder when 81 is divided by 4.
1
Calculate the remainder when 797 is divided by 14.
13
What is the remainder when 220 is divided by 15?
10
What is the remainder when 1078 is divided by 36?
34
What is the remainder when 61 is divided by 28?
5
Calculate the remainder when 12897 is divided by 1172.
5
What is the remainder when 101 is divided by 21?
17
Calculate the remainder when 25 is divided by 14.
11
What is the remainder when 2561 is divided by 55?
31
What is the remainder when 1630 is divided by 51?
49
What is the remainder when 421 is divided by 36?
25
Calculate the remainder when 637 is divided by 38.
29
What is the remainder when 429 is divided by 143?
0
Calculate the remainder when 2202 is divided by 243.
15
Calculate the remainder when 202 is divided by 131.
71
What is the remainder when 2752 is divided by 95?
92
Calculate the remainder when 319 is divided by 23.
20
Calculate the remainder when 303 is divided by 63.
51
What is the remainder when 332 is divided by 37?
36
What is the remainder when 138 is divided by 47?
44
Calculate the remainder when 1399 is divided by 42.
13
What is the remainder when 361 is divided by 341?
20
Calculate the remainder when 386 is divided by 30.
26
What is the remainder when 1408 is divided by 1378?
30
Calculate the remainder when 1748 is divided by 43.
28
What is the remainder when 1374 is divided by 17?
14
What is the remainder when 19 is divided by 7?
5
What is the remainder when 134 is divided by 80?
54
Calculate the remainder when 21445 is divided by 7.
4
What is the remainder when 345 is divided by 35?
30
What is the remainder when 152 is divided by 11?
9
What is the remainder when 94 is divided by 68?
26
Calculate the remainder when 51 is divided by 33.
18
What is the remainder when 920 is divided by 915?
5
Calculate the remainder when 3188 is divided by 6.
2
Calculate the remainder when 1455 is divided by 1436.
19
Calculate the remainder when 165 is divided by 155.
10
Calculate the remainder when 102 is divided by 42.
18
What is the remainder when 198 is divided by 129?
69
What is the remainder when 1304 is divided by 122?
84
What is the remainder when 261 is divided by 33?
30
What is the remainder when 419 is divided by 42?
41
What is the remainder when 50 is divided by 27?
23
Calculate the remainder when 468 is divided by 59.
55
Calculate the remainder when 87 is divided by 19.
11
Calculate the remainder when 772 is divided by 264.
244
Calculate the remainder when 227 is divided by 26.
19
Calculate the remainder when 103 is divided by 36.
31
Calculate the remainder when 374 is divided by 21.
17
Calculate the remainder when 4724 is divided by 225.
224
What is the remainder when 988 is divided by 74?
26
Calculate the remainder when 1024 is divided by 248.
32
What is the remainder when 240 is divided by 31?
23
Calculate the remainder when 47 is divided by 10.
7
What is the remainder when 888 is divided by 800?
88
What is the remainder when 71 is divided by 37?
34
What is the remainder when 173 is divided by 53?
14
What is the remainder when 3136 is divided by 266?
210
Calculate the remainder when 235 is divided by 46.
5
Calculate the remainder when 157 is divided by 23.
19
Calculate the remainder when 12749 is divided by 9.
5
Calculate the remainder when 112 is divided by 44.
24
Calculate the remainder when 215 is divided by 91.
33
Calculate the remainder when 4 is divided by 4.
0
What is the remainder when 84 is divided by 42?
0
What is the remainder when 6080 is divided by 2012?
44
What is the remainder when 14 is divided by 1?
0
Calculate the remainder when 401 is divided by 96.
17
What is the remainder when 2314 is divided by 122?
118
Calculate the remainder when 9950 is divided by 20.
10
What is the remainder when 4090 is divided by 23?
19
What is the remainder when 104 is divided by 62?
42
Calculate the remainder when 619 is divided by 23.
21
What is the remainder when 2683 is divided by 79?
76
Calculate the remainder when 24 is divided by 6.
0
Calculate the remainder when 67 is divided by 35.
32
Calculate the remainder when 29116 is divided by 160.
156
Calculate the remainder when 232 is divided by 111.
10
Calculate the remainder when 1007 is divided by 252.
251
Calculate the remainder when 142 is divided by 11.
10
Calculate the remainder when 9151 is divided by 8.
7
Calculate the remainder when 52 is divided by 31.
21
What is the remainder when 351 is divided by 88?
87
What is the remainder when 130 is divided by 7?
4
What is the remainder when 439 is divided by 74?
69
Calculate the remainder when 1232 is divided by 19.
16
What is the remainder when 120 is divided by 41?
38
What is the remainder when 367 is divided by 7?
3
What is the remainder when 130 is divided by 24?
10
What is the remainder when 98 is divided by 94?
4
Calculate the remainder when 384 is divided by 146.
92
What is the remainder when 1469 is divided by 30?
29
Calculate the remainder when 145 is divided by 49.
47
What is the remainder when 5024 is divided by 173?
7
Calculate the remainder when 1055 is divided by 132.
131
What is the remainder when 822 is divided by 11?
8
Calculate the remainder when 93 is divided by 7.
2
Calculate the remainder when 5696 is divided by 25.
21
Calculate the remainder when 2420 is divided by 354.
296
What is the remainder when 438 is divided by 22?
20
Calculate the remainder when 63 is divided by 62.
1
Calculate the remainder when 694 is divided by 87.
85
What is the remainder when 1150 is divided by 1137?
13
What is the remainder when 29 is divided by 13?
3
What is the remainder when 382 is divided by 98?
88
Calculate the remainder when 137 is divided by 22.
5
What is the remainder when 154 is divided by 78?
76
What is the remainder when 250 is divided by 16?
10
Calculate the remainder when 520 is divided by 23.
14
Calculate the remainder when 4369 is divided by 47.
45
What is the remainder when 428 is divided by 54?
50
What is the remainder when 474 is divided by 30?
24
Calculate the remainder when 62011 is divided by 17.
12
Calculate the remainder when 176 is divided by 45.
41
Calculate the remainder when 1646 is divided by 27.
26
Calculate the remainder when 908 is divided by 76.
72
What is the remainder when 1192 is divided by 55?
37
What is the remainder when 750 is divided by 26?
22
Calculate the remainder when 151 is divided by 17.
15
What is the remainder when 1452 is divided by 13?
9
What is the remainder when 107 is divided by 11?
8
What is the remainder when 5115 is divided by 13?
6
Calculate the remainder when 85 is divided by 67.
18
What is the remainder when 12090 is divided by 139?
136
Calculate the remainder when 1668 is divided by 83.
8
What is the remainder when 411 is divided by 163?
85
Calculate the remainder when 304 is divided by 14.
10
What is the remainder when 681 is divided by 98?
93
What is the remainder when 41 is divided by 35?
6
What is the remainder when 953 is divided by 30?
23
Calculate the remainder when 84 is divided by 32.
20
Calculate the remainder when 637 is divided by 124.
17
What is the remainder when 1231 is divided by 88?
87
What is the remainder when 273 is divided by 136?
1
Calculate the remainder when 761 is divided by 755.
6
Calculate the remainder when 387 is divided by 190.
7
What is the remainder when 399 is divided by 86?
55
Calculate the remainder when 1075 is divided by 11.
8
Calculate the remainder when 656 is divided by 15.
11
Calculate the remainder when 5623 is divided by 25.
23
Calculate the remainder when 732 is divided by 39.
30
Calculate the remainder when 1198 is divided by 12.
10
Calculate the remainder when 156 is divided by 60.
36
What is the remainder when 204 is divided by 71?
62
What is the remainder when 552 is divided by 15?
12
What is the remainder when 39 is divided by 7?
4
Calculate the remainder when 4702 is divided by 71.
16
Calculate the remainder when 385 is divided by 15.
10
What is the remainder when 197 is divided by 35?
22
What is the remainder when 1065 is divided by 111?
66
Calculate the remainder when 394 is divided by 33.
31
Calculate the remainder when 458 is divided by 29.
23
Calculate the remainder when 410 is divided by 18.
14
What is the remainder when 194 is divided by 39?
38
Calculate 